{"id":9,"date":"2025-01-24T18:50:06","date_gmt":"2025-01-24T17:50:06","guid":{"rendered":"https:\/\/paolocesarano.com\/?page_id=9"},"modified":"2025-02-04T21:50:50","modified_gmt":"2025-02-04T20:50:50","slug":"about","status":"publish","type":"page","link":"https:\/\/paolocesarano.com\/?page_id=9","title":{"rendered":"That&#8217;s Paolo"},"content":{"rendered":"<div class=\"wp-block-image is-style-rounded\">\n<figure class=\"aligncenter size-full is-resized\"><img loading=\"lazy\" decoding=\"async\" width=\"800\" height=\"800\" src=\"https:\/\/paolocesarano.com\/wp-content\/uploads\/2025\/01\/thatsme.jpg\" alt=\"\" class=\"wp-image-77\" style=\"width:210px;height:auto\" srcset=\"https:\/\/paolocesarano.com\/wp-content\/uploads\/2025\/01\/thatsme.jpg 800w, https:\/\/paolocesarano.com\/wp-content\/uploads\/2025\/01\/thatsme-300x300.jpg 300w, https:\/\/paolocesarano.com\/wp-content\/uploads\/2025\/01\/thatsme-150x150.jpg 150w, https:\/\/paolocesarano.com\/wp-content\/uploads\/2025\/01\/thatsme-768x768.jpg 768w, https:\/\/paolocesarano.com\/wp-content\/uploads\/2025\/01\/thatsme-100x100.jpg 100w\" sizes=\"auto, (max-width: 767px) 89vw, (max-width: 1000px) 54vw, (max-width: 1071px) 543px, 580px\" \/><\/figure>\n<\/div>\n\n\n<p>Sono un formatore, counselor e coach specializzato in leadership, tecniche di vendita, comunicazione emozionale e gestione dello stress. Credo che ogni sfida rappresenti un\u2019opportunit\u00e0 per crescere, sviluppare competenze e migliorare la qualit\u00e0 della vita.<\/p>\n\n\n\n<p>Nel mio percorso professionale, ho affinato la capacit\u00e0 di guidare individui e team verso il raggiungimento di obiettivi ambiziosi. Utilizzo un approccio che combina competenze pratiche con metodologie orientate allo sviluppo personale, favorendo cos\u00ec una crescita equilibrata sia individuale che professionale.<\/p>\n\n\n\n<p>Integro le competenze della relazione di aiuto con quelle tipiche del mondo della formazione, per offrire servizi mirati a supportare la crescita e lo sviluppo di persone, gruppi e organizzazioni. La mia missione \u00e8 chiara: aiutare a migliorare la qualit\u00e0 della vita personale e professionale, accompagnando i miei clienti nell\u2019esplorazione e nell\u2019implementazione delle proprie risorse e competenze.<\/p>\n\n\n\n<p>Ogni volta che, grazie al mio lavoro, una persona rafforza le proprie capacit\u00e0, provo una profonda soddisfazione. <\/p>\n\n\n\n<p>\u00c8 questa passione che rende il mio lavoro cos\u00ec speciale!<\/p>\n","protected":false},"excerpt":{"rendered":"<p>Sono un formatore, counselor e coach specializzato in leadership, tecniche di vendita, comunicazione emozionale e gestione dello stress. Credo che ogni sfida rappresenti un\u2019opportunit\u00e0 per crescere, sviluppare competenze e migliorare la qualit\u00e0 della vita. Nel mio percorso professionale, ho affinato la capacit\u00e0 di guidare individui e team verso il raggiungimento di obiettivi ambiziosi. Utilizzo un &hellip; <\/p>\n<p class=\"link-more\"><a href=\"https:\/\/paolocesarano.com\/?page_id=9\" class=\"more-link\">Continue reading<span class=\"screen-reader-text\"> &#8220;That&#8217;s Paolo&#8221;<\/span><\/a><\/p>\n","protected":false},"author":1,"featured_media":164,"parent":0,"menu_order":0,"comment_status":"closed","ping_status":"closed","template":"","meta":{"footnotes":""},"class_list":["post-9","page","type-page","status-publish","has-post-thumbnail","hentry"],"_links":{"self":[{"href":"https:\/\/paolocesarano.com\/index.php?rest_route=\/wp\/v2\/pages\/9","targetHints":{"allow":["GET"]}}],"collection":[{"href":"https:\/\/paolocesarano.com\/index.php?rest_route=\/wp\/v2\/pages"}],"about":[{"href":"https:\/\/paolocesarano.com\/index.php?rest_route=\/wp\/v2\/types\/page"}],"author":[{"embeddable":true,"href":"https:\/\/paolocesarano.com\/index.php?rest_route=\/wp\/v2\/users\/1"}],"replies":[{"embeddable":true,"href":"https:\/\/paolocesarano.com\/index.php?rest_route=%2Fwp%2Fv2%2Fcomments&post=9"}],"version-history":[{"count":3,"href":"https:\/\/paolocesarano.com\/index.php?rest_route=\/wp\/v2\/pages\/9\/revisions"}],"predecessor-version":[{"id":78,"href":"https:\/\/paolocesarano.com\/index.php?rest_route=\/wp\/v2\/pages\/9\/revisions\/78"}],"wp:featuredmedia":[{"embeddable":true,"href":"https:\/\/paolocesarano.com\/index.php?rest_route=\/wp\/v2\/media\/164"}],"wp:attachment":[{"href":"https:\/\/paolocesarano.com\/index.php?rest_route=%2Fwp%2Fv2%2Fmedia&parent=9"}],"curies":[{"name":"wp","href":"https:\/\/api.w.org\/{rel}","templated":true}]}}