{"id":247,"date":"2025-02-21T11:59:18","date_gmt":"2025-02-21T10:59:18","guid":{"rendered":"https:\/\/paolocesarano.com\/?page_id=247"},"modified":"2025-02-21T11:59:18","modified_gmt":"2025-02-21T10:59:18","slug":"servizi-per-te-il-piacere-di-parlare-in-pubblico","status":"publish","type":"page","link":"https:\/\/paolocesarano.com\/?page_id=247","title":{"rendered":"Servizi per Te &#8211; Il piacere di parlare in pubblico"},"content":{"rendered":"\n<p class=\"has-text-align-center\">IL PIACERE DI PARLARE IN PUBBLICO<\/p>\n\n\n\n<p><br>Parlare in pubblico \u00e8 una competenza fondamentale per avere successo in ogni ambito della nostra vita. <\/p>\n\n\n\n<p>Eppure, la <strong>glossofobia<\/strong>\u2014la paura di parlare in pubblico\u2014\u00e8 tra le fobie pi\u00f9 diffuse. <\/p>\n\n\n\n<p>Le sue cause possono includere esperienze negative passate, ansia da prestazione, timore del giudizioaltrui e mancanza di fiducia in s\u00e9 stessi. Comprendere queste radici \u00e8 il primo passo per superare la paura e trasformarla in un&#8217;opportunit\u00e0 di crescita.<\/p>\n\n\n\n<p><br><strong>Perch\u00e9 \u00e8 cos\u00ec importante saper comunicare?<\/strong><br>La vita ci pone continuamente di fronte a sfide. Ogni sfida rappresenta un\u2019opportunit\u00e0 per<br>sviluppare nuove competenze, pensare in modo pi\u00f9 creativo e migliorare la nostra qualit\u00e0 di vita. E il modo in cui affrontiamo queste sfide dipende in gran parte dalla nostra capacit\u00e0 di comunicare con efficacia.<br>Comunicare \u00e8 un\u2019attivit\u00e0 essenziale per gli esseri umani. Se incontriamo difficolt\u00e0 sul lavoro, spesso \u00e8 perch\u00e9 non siamo riusciti a esprimere con chiarezza il nostro valore e le nostre capacit\u00e0.<br>Nella vita privata, invece, risolviamo incomprensioni e ritroviamo armonia attraverso il dialogo e il confronto.<br>Pi\u00f9 passa il tempo, pi\u00f9 diventa evidente quanto sia cruciale padroneggiare l\u2019arte del parlare in pubblico.<br>Parlare bene in pubblico <strong>fa la differenza<\/strong>. Essere un buon oratore <strong>oggi fa la differenza<\/strong> tra emergere come leader nel proprio settore o restare nell\u2019ombra.<\/p>\n\n\n\n<p><br>Molte persone hanno idee brillanti, ma spesso non vengono valorizzate perch\u00e9 chi le espone non sa come comunicarle.<br><strong>Problema comune: <\/strong>Nel mondo di oggi, tante persone hanno qualcosa da dire, ma spesso lo<br>fanno in modo inefficace.<br>Parlare in pubblico si pu\u00f2 imparare<br>Parlare in pubblico non \u00e8 un talento innato, ma una competenza che si pu\u00f2 apprendere e<br>affinare.<\/p>\n\n\n\n<p><br>Non basta studiarlo in teoria: \u00e8 fondamentale praticarlo in un ambiente protetto, critico e<br>costruttivo.<br><\/p>\n\n\n\n<p>Qual \u00e8 la tua paura?<br>Vuoi trasformare il timore in talento?<br>Vuoi catturare l\u2019attenzione e trasmettere il tuo messaggio con efficacia e autenticit\u00e0?<br><\/p>\n\n\n\n<p>Ecco su cosa possiamo lavorare insieme per <strong>una comunicazione CHIARA, SICURA E<br>COINVOLGENTE:<\/strong><\/p>\n\n\n\n<p>\u2705 Gestire l\u2019ansia e lo stress prima di una presentazione.<br>\u2705 Utilizzare strategicamente la voce e il linguaggio del corpo per una comunicazione efficace e coinvolgente.<br>\u2705 Sviluppare la capacit\u00e0 di ascolto per interagire meglio con il pubblico.<br>\u2705 Creare presentazioni persuasive per riunioni, eventi e trattative con i clienti.<br>\u2705 Comunicare bene significa creare connessioni di valore.<\/p>\n\n\n\n<p><\/p>\n\n\n\n<p>Contattami per informazioni. Sar\u00e0 un piacere discuterne insieme ed approfondire l&#8217;argomento:<\/p>\n\n\n\n<div class=\"wp-block-contact-form-7-contact-form-selector\">[contact-form-7 id=&#8221;c7addb1&#8243; title=&#8221;Form Di Contatto&#8221;]<\/div>\n","protected":false},"excerpt":{"rendered":"<p>IL PIACERE DI PARLARE IN PUBBLICO Parlare in pubblico \u00e8 una competenza fondamentale per avere successo in ogni ambito della nostra vita. Eppure, la glossofobia\u2014la paura di parlare in pubblico\u2014\u00e8 tra le fobie pi\u00f9 diffuse. Le sue cause possono includere esperienze negative passate, ansia da prestazione, timore del giudizioaltrui e mancanza di fiducia in s\u00e9 &hellip; <\/p>\n<p class=\"link-more\"><a href=\"https:\/\/paolocesarano.com\/?page_id=247\" class=\"more-link\">Continue reading<span class=\"screen-reader-text\"> &#8220;Servizi per Te &#8211; Il piacere di parlare in pubblico&#8221;<\/span><\/a><\/p>\n","protected":false},"author":1,"featured_media":0,"parent":0,"menu_order":0,"comment_status":"closed","ping_status":"closed","template":"","meta":{"footnotes":""},"class_list":["post-247","page","type-page","status-publish","hentry"],"_links":{"self":[{"href":"https:\/\/paolocesarano.com\/index.php?rest_route=\/wp\/v2\/pages\/247","targetHints":{"allow":["GET"]}}],"collection":[{"href":"https:\/\/paolocesarano.com\/index.php?rest_route=\/wp\/v2\/pages"}],"about":[{"href":"https:\/\/paolocesarano.com\/index.php?rest_route=\/wp\/v2\/types\/page"}],"author":[{"embeddable":true,"href":"https:\/\/paolocesarano.com\/index.php?rest_route=\/wp\/v2\/users\/1"}],"replies":[{"embeddable":true,"href":"https:\/\/paolocesarano.com\/index.php?rest_route=%2Fwp%2Fv2%2Fcomments&post=247"}],"version-history":[{"count":1,"href":"https:\/\/paolocesarano.com\/index.php?rest_route=\/wp\/v2\/pages\/247\/revisions"}],"predecessor-version":[{"id":248,"href":"https:\/\/paolocesarano.com\/index.php?rest_route=\/wp\/v2\/pages\/247\/revisions\/248"}],"wp:attachment":[{"href":"https:\/\/paolocesarano.com\/index.php?rest_route=%2Fwp%2Fv2%2Fmedia&parent=247"}],"curies":[{"name":"wp","href":"https:\/\/api.w.org\/{rel}","templated":true}]}}